= -2992*w**3 + 112*w**2 + 112*w - 1. What are the prime factors of n(-1)?
3, 997
Let d(f) = f**3 + 18*f**2 - 7*f - 53. Let z be (-1)/(15/9) + 164/(-10). List the prime factors of d(z).
5, 71
Let g(a) = 19 + a**3 - 3*a**3 - a + 7*a**2 + 5*a**2 - 11*a**2. What are the prime factors of g(-4)?
167
Let x = 8404 + -8358. Let t(d) = -37*d - 6. Let k be t(-6). Let m = x + k. What are the prime factors of m?
2, 131
Let j(q) = -19*q**2 - 46*q - 240. Let i(c) = 7*c**2 + 15*c + 80. Let s(a) = -11*i(a) - 4*j(a). What are the prime factors of s(12)?
2, 41
Let x(o) = -181*o**3 + 12*o**2 + 60*o + 42. List the prime factors of x(-4).
2, 7, 827
Suppose 8*c = 50 - 10. Suppose u - 578 = -6*v + 2*v, -2*v - 2780 = -c*u. What are the prime factors of u?
2, 3, 31
Suppose 56*w - 8535 = -2*h + 61*w, -2*w = -5*h + 21411. What are the prime factors of h?
5, 857
Let u = 204 - 201. Suppose u*z + 5*m - 893 = 0, 5*z - 4*m - 1013 = 463. What are the prime factors of z?
2, 37
What are the prime factors of (170/(-8))/(895/(-138904))?
2, 17, 97
Let s(k) = -13*k + 82. Let b be s(6). Suppose -b*v + 4*l + 2071 = 3*l, 4*v = -3*l + 2075. List the prime factors of v.
2, 7, 37
Suppose 14*c + 31612 - 48325 = 118779. List the prime factors of c.
2, 3, 1613
Let x = -22 - -78. Let w be (6 + -4)/((-12)/(-318) + 0). Suppose 0 = w*r - x*r + 174. List the prime factors of r.
2, 29
Suppose 2683*v - 2682*v - 6504 = -g, 2*g + 5*v = 12996. What are the prime factors of g?
2, 1627
Suppose 3052 - 3066 = -2*z, 0 = 3*d - 4*z - 25625. What are the prime factors of d?
17, 503
Suppose 0*k + 17*k + 10*k - 96822 = 0. List the prime factors of k.
2, 11, 163
Suppose -2*y = -g - 0*y - 18, 2*g - 5*y + 39 = 0. Let w(m) = 18*m - 22. Let x be w(g). Let a = x + 417. List the prime factors of a.
179
Suppose -6*n = -4*n + 2*i - 17044, -3*n - 2*i + 25570 = 0. What are the prime factors of n?
2, 3, 7, 29
Let p(d) = -263*d - 10. Suppose 28 = -2*m + 24. List the prime factors of p(m).
2, 3, 43
Let v(i) = 6763*i**3 - 3*i**2 - 5*i + 7. What are the prime factors of v(1)?
2, 3, 7, 23
Let k(t) = 3*t**2 + 16*t - 45. Let m be k(8). Let l = -144 + m. List the prime factors of l.
131
Let h = 1006 - -6257. List the prime factors of h.
3, 269
Suppose 0 = 5*o - 69266 + 24926. What are the prime factors of o?
2, 3, 739
Let n(b) = 2733*b**2 - b. Let w be n(2). Suppose 4*u = 17 + 27 + 4. What are the prime factors of w/60 + (-2)/u?
2, 7, 13
Let c = 95325 + -47038. What are the prime factors of c?
109, 443
Let a = 33351 + -22918. What are the prime factors of a?
10433
Let m(d) = 5*d. Let b be m(2). Let n be 208/6 - b/15. Suppose -5*c = 4*x - 439, c + 387 = 4*x - n. List the prime factors of x.
2, 53
Let q = 10297 + -4690. What are the prime factors of q?
3, 7, 89
Let w = 43530 + -21691. List the prime factors of w.
21839
Suppose -590*y + 582*y + 40832 = 0. What are the prime factors of y?
2, 11, 29
Let j be 2 - 2/(4/10). Let d be ((-20)/(-8))/1*-52 - j. Let k = -89 - d. List the prime factors of k.
2, 19
Let f(c) = 7*c**3 + 4*c**2 + 3. Let a be f(-2). Let y(o) = -o**2 - 8*o - 7. Let u be y(8). Let g = a - u. What are the prime factors of g?
2, 7
Suppose -12*n = -6*n - 24. Suppose -3*t - d = -1255, 0 = n*t + 4*d - 188 - 1472. Suppose 19*h = 15*h + t. What are the prime factors of h?
3, 5, 7
Let f(x) = -15*x - 20. Let w be f(-3). Suppose 3*v = c + w, -6*v + 3 = -9*v. List the prime factors of (c - 1)*(-4)/2.
2, 29
Let u(c) = -c**3 - 75*c**2 + 264*c - 142. What are the prime factors of u(-80)?
2, 7, 13, 59
Let o be (-4 + -28 + 9)*(-43 + 0). Suppose 4*c - 4*n - 1004 = 0, 4*c - 4*n = -3*n + o. What are the prime factors of c?
2, 3, 41
Let o = -1605 - -11900. List the prime factors of o.
5, 29, 71
Let b = 15 - 31. Let g(u) = -u**3 - 12*u**2 + 8*u - 36. Let d be g(b). Suppose -4*p + 3*p - d = -4*f, 0 = 3*f + 4*p - 645. List the prime factors of f.
5, 43
Let j(b) = 7*b + 7*b**3 + 2*b**2 - 35*b**2 + 16*b**2 - 29. List the prime factors of j(7).
2, 397
Let p(y) = y**3 - 70*y**2 + 52*y - 2373. What are the prime factors of p(73)?
2, 5, 1741
Let v be 2850/133 + -17 + (-6)/14. Let t = 320 + -564. What are the prime factors of 0 + -2*t/v?
2, 61
Let u = 32 - -51. Let n(r) = r**2 + r**2 - u*r + 89*r + 8. What are the prime factors of n(-2)?
2
Let x be ((-26)/(-65))/(1/155). Suppose 0 = -5*a - x + 22. Let o = a - -10. What are the prime factors of o?
2
Suppose 21*t - 37*t - 215894 = -30*t. List the prime factors of t.
7, 2203
Let o(j) = 7*j**2 - 10. Let r(c) = -20*c**2 + 30. Let p(g) = -14*o(g) - 5*r(g). Suppose 4*n + 5*n + 36 = 0. List the prime factors of p(n).
2, 11
Let y(o) be the third derivative of -4*o**5/15 - 5*o**4/24 + 5*o**3/6 - 21*o**2. Let l be y(3). Let w = l - -236. What are the prime factors of w?
2, 41
Let h = 67 + -65. Suppose 2*a = -h*x - 4, 2*a - 14 = 3*x + 7*a. Suppose 5*t - 285 = 5*s, 4*t - x*s - 228 = -0*t. What are the prime factors of t?
3, 19
Let u(y) = -7343*y + 1932. What are the prime factors of u(-1)?
5, 7, 53
Let m(g) = -46*g**2 + 2. Let x be m(-4). Let c = 1195 + x. Suppose 3*p = 12, -5*w - 4*p = -c - 15. List the prime factors of w.
2, 23
Suppose -4*i = -3*k + 2*k - 505, 2*k + 121 = i. Suppose -123*a + i*a - 728 = 0. List the prime factors of a.
2, 7, 13
Suppose -5*y + 10 = -2*j, 3*y + 0*y - 32 = -4*j. Suppose j*i - 10 = -0. List the prime factors of (-390)/(-6) - (i + 1).
2, 31
Suppose j - 38634 = -2*i, -28*i + 26*i = 2. List the prime factors of j.
2, 13, 743
Suppose -5*t = -2*q - 3 + 16, q + 3*t = -10. List the prime factors of 1/(-1) + 809 + q.
3, 269
Suppose 111425 = 2621*t - 2596*t. What are the prime factors of t?
4457
Suppose -43*h = -47*h - 4*j + 17596, -j + 17617 = 4*h. What are the prime factors of h?
2, 2203
Let w = 1370 - 197. Suppose -338 + w = 5*b. List the prime factors of b.
167
Let p be 175*(-1 - (-3)/5). Let w be (28/p)/(1/(-5)). What are the prime factors of -95*(w - 24/10)?
2, 19
Let t(v) = 57*v + 40. Let a be t(3). Let m(i) = -i**2 + 5*i + 1. Let k be m(4). Suppose 340 = k*l - n, 5*l - 2*n - a = 2*l. List the prime factors of l.
67
Let n(s) = -2*s**2 + 4*s + 4. Let v be n(3). List the prime factors of 28496/65 - v/(-5).
2, 3, 73
Let f be ((-15)/(-6))/((-10)/(-20)). Suppose -4*m + 4*n = 5*n - 1950, -4*m - f*n + 1958 = 0. What are the prime factors of m?
487
Let t = -18 + 12. Let v(a) be the second derivative of -25*a**3/6 - 7*a**2/2 + 1253*a. What are the prime factors of v(t)?
11, 13
Let s be (0/3 - 1)*(3 - 2). Let r be s/(-8) + 21373/88. Suppose 3*m - r = -3*f, 0 = -m - 4*m - 2*f + 399. What are the prime factors of m?
79
Let v(a) = 81*a - 47*a - 49*a - a**3 - 28 + 23*a**2. List the prime factors of v(12).
2, 43
Suppose -5*u + 131 = -129. Suppose 53*x + 5*k - 505 = u*x, -4*x - k = -1963. List the prime factors of x.
2, 5, 7
Suppose 2*x = 3*f + 25634 - 856, -5*x = 4*f - 61899. What are the prime factors of x?
7, 29, 61
Let t(m) be the first derivative of -1/4*m**4 - 2 - 14/3*m**3 - 17/2*m**2 + 3*m. What are the prime factors of t(-13)?
5, 11
Suppose -6 + 42 = 3*v. Let a(l) = 69*l + 134. List the prime factors of a(v).
2, 13, 37
Let h(m) be the first derivative of 3*m**4 - m**3/3 - m**2/2 + 2*m + 13. Let q be h(1). Let w = q - -5. What are the prime factors of w?
17
What are the prime factors of -6*114/4*172*(-2)/6?
2, 3, 19, 43
Let n(c) = 8*c + 3. Let j be n(0). Suppose 0 = -3*d - j*q + 6, 4*q + 24 = 2*d + 2*q. List the prime factors of d.
7
Suppose 4*i = 3*i + 33. Let h = -91 - -125. Let s = i + h. List the prime factors of s.
67
Let k = -293 - -81. Let i = 477 + k. List the prime factors of i.
5, 53
Let b = 8728 + -5102. What are the prime factors of b?
2, 7, 37
Let n be (-6 + 2 + -2)/((-10)/6840). What are the prime factors of n/10 - (-12)/(-30)?
2, 5, 41
Let v(d) = -247*d**3 - 6*d**2 - 6*d + 20. List the prime factors of v(-4).
2, 3, 13, 101
Let n(g) be the third derivative of 17/15*g**5 + 0 + 0*g - 1/8*g**4 + 35*g**2 + 1/2*g**3. List the prime factors of n(1).
2, 17
Suppose 4 = -5*j + 6*j + b, 0 = -2*j + b + 2. Suppose j*q = -g + 1384, g + 2075 = 3*q + 3*g. What are the prime factors of q?
3, 7, 11
Suppose 5*l - 121801 = -2*c, -630*l + 631*l - 24356 = -c. List the prime factors of l.
3, 2707
Suppose 2*j + 7 = 4*z - 3, 3*z = 9. List the prime factors of (14/(-6) - j)/((-53)/477).
2, 3, 5
